12
Let d(q) = -q**2 + 17*q + 32. Determine d(-2).
-6
Let s(r) = -3*r**2 - 3*r + 8. Give s(4).
-52
Let w(x) = -2*x - 8. What is w(-13)?
18
Let l(j) = -j - 3. Determine l(5).
-8
Let s(n) = 2*n**2 + 21*n + 18. Give s(-6).
-36
Let u(z) = -72*z**3 - 2*z - 1. Give u(-1).
73
Let l(q) = 10*q + 281. Give l(-29).
-9
Let t(p) = -p**3 - 6*p**2 + 29*p - 4. Determine t(-9).
-22
Let j(i) = -12*i + 22. Determine j(1).
10
Let b(m) = 2*m**3 + 25*m**2 - 12*m + 24. Determine b(-13).
11
Let c(t) = -2*t - 47. What is c(-26)?
5
Let n(l) = -2*l - 12. Calculate n(-12).
12
Let i(p) = 2*p**3 - 2*p**2 - 6*p + 11. What is i(2)?
7
Let z(j) = j**2 + 10*j + 9. What is z(-10)?
9
Let h(p) = -p**3 + 6*p**2 + 7*p + 7. Give h(7).
7
Let v(d) = d**2 + 11*d + 12. Calculate v(-8).
-12
Let f(r) = -r**2 + 7*r - 2. What is f(7)?
-2
Let s(h) = 58*h + 286. Calculate s(-5).
-4
Let z(g) = 3*g + 19. Calculate z(-15).
-26
Let k(p) = -3*p - 2. Calculate k(8).
-26
Let l(i) = 73*i**2 + 2*i + 1. Give l(-1).
72
Let a(w) = -6*w - 16. Give a(-5).
14
Let y(u) = -u**3 + 23*u**2 + u - 13. Give y(23).
10
Let o(a) = a + 27. What is o(-21)?
6
Let m(w) = -w**3 + w**2 + w + 66. Calculate m(0).
66
Let k(b) = b**3 - 23*b**2 + 76*b + 16. Calculate k(19).
16
Let o(w) = -4*w + 100. Calculate o(27).
-8
Let d(c) = -c**3 - 10*c**2 + 3*c + 4. Give d(-10).
-26
Let o(d) = 26*d**2 + 2*d + 5. What is o(-1)?
29
Let r(u) = -6*u**3 - u**2 + 9*u + 10. Determine r(-2).
36
Let g(r) = 16*r + 281. Calculate g(-19).
-23
Let f(a) = 3*a - 27. What is f(8)?
-3
Let a(v) = v**2 + 2*v - 5. Calculate a(5).
30
Let i(a) = -6*a**2 - 72*a - 3. Determine i(-12).
-3
Let s(y) = y**2 - 7*y - 49. What is s(0)?
-49
Let l(h) = h**2 + h - 150. Give l(12).
6
Let w(a) = a**3 + 5*a**2 - 15*a - 9. What is w(-7)?
-2
Let i(w) = w**3 - 13*w**2 + 10*w + 10. Determine i(12).
-14
Let r(t) = -t**2 - 15*t + 17. Determine r(-16).
1
Let u(f) = 2*f**2 + 25*f + 2. Determine u(-12).
-10
Let c(v) = -17*v + 96. What is c(8)?
-40
Let r(x) = -2*x**2 - 22*x - 20. Calculate r(-10).
0
Let a(r) = -2*r - 3. What is a(-11)?
19
Let v(a) = -13*a - 2. What is v(-4)?
50
Let j(n) = -2*n - 6. Give j(-4).
2
Let l(z) = -31*z + 4. What is l(3)?
-89
Let b(l) = l**2 - 6*l - 11. Calculate b(6).
-11
Let i(z) = -7*z - 8. What is i(-1)?
-1
Let h(s) = -s + 16. Give h(8).
8
Let j(v) = 6*v + 11. Determine j(9).
65
Let t(p) = p**2 - 26*p + 156. Give t(15).
-9
Let f(x) = 27*x + 75. What is f(-3)?
-6
Let d(p) = 13*p**3 - 2*p**2 - 2*p + 4. Determine d(-2).
-104
Let w(l) = -5*l**2 + 2*l - 1. What is w(1)?
-4
Let h(k) = -k**3 + 20*k**2 - 38*k + 21. Determine h(18).
-15
Let c(q) = -5*q**2 - 3*q - 2. Give c(3).
-56
Let v(l) = 33*l**2 - 2*l - 2. Determine v(-1).
33
Let s(p) = -3*p - 17. Calculate s(9).
-44
Let m(g) = g + 10. What is m(0)?
10
Let c(h) = -h**3 - 3*h**2 - 2*h - 3. Give c(-3).
3
Let z(y) = y**3 - 10*y**2 - 24*y - 1. Give z(12).
-1
Let j(m) = -m**2 - 3*m. Calculate j(-6).
-18
Let v(g) = -g**2 + 11*g + 26. Give v(13).
0
Let o(y) = y**3 + 5*y**2 + 2*y - 6. Calculate o(-5).
-16
Let m(q) = -13*q**3 - 2*q**2 + 1. Calculate m(-1).
12
Let x(g) = g**3 + 8*g**2 - 8*g + 8. What is x(-9)?
-1
Let m(d) = d**2 + 2*d - 10. Give m(0).
-10
Let u(a) = -3*a**2 + 2*a + 6. Determine u(-2).
-10
Let y(a) = 8*a**2 + a + 2. Calculate y(-1).
9
Let y(i) = -i**2 + 5*i - 4. Determine y(9).
-40
Let u(q) = -10*q + 7. What is u(4)?
-33
Let c(n) = -n**2 - 4*n - 6. Calculate c(-5).
-11
Let k(a) = 2*a**3 - 18*a**2 + 2*a - 12. Determine k(9).
6
Let t(y) = -y**3 - 13*y**2 - 32*y - 13. What is t(-10)?
7
Let x(r) = 3*r**2 - 11. What is x(-5)?
64
Let p(s) = -22*s**2 + 1. Determine p(-1).
-21
Let k(p) = -p**3 + 5*p**2 + 8*p - 15. Give k(6).
-3
Let b(g) = -2*g**2 + g + 3. What is b(3)?
-12
Let z(r) = r**3 - 20*r**2 - 23*r + 58. Determine z(21).
16
Let f(x) = x**2 - 26*x + 84. Give f(4).
-4
Let p(q) = q**3 + 4*q**2 - 4*q + 3. Calculate p(-5).
-2
Let t(r) = -8*r - 5. Give t(1).
-13
Let z(d) = 3*d - 4. What is z(4)?
8
Let r(z) = 4*z - 93. Give r(18).
-21
Let s(h) = h**2 - 15*h + 3. What is s(10)?
-47
Let h(t) = 5*t**3 + 2*t**2 - t. Calculate h(-2).
-30
Let x(b) = -b**3 + b**2 - 3*b + 56. Give x(0).
56
Let y(a) = -4*a**2 + 7*a - 5. What is y(2)?
-7
Let f(z) = z**2 - 59. Calculate f(7).
-10
Let r(m) = -3*m - 8. Give r(-4).
4
Let z(l) = -5*l - 45. Calculate z(-8).
-5
Let t(b) = -2*b**3 - 10*b**2 + 2*b + 4. Calculate t(-5).
-6
Let g(v) = -v**3 - 22*v**2 + 20*v - 68. Calculate g(-23).
1
Let n(w) = 3*w + 75. What is n(-24)?
3
Let q(h) = h**2 - 12*h + 44. Give q(8).
12
Let i(d) = -d**3 + 3*d**2 - 2*d. Calculate i(2).
0
Let z(k) = k**2 - 4*k - 10. Calculate z(-8).
86
Let k(j) = -j**3 - j**2 + 6. What is k(0)?
6
Let p(w) = w**3 - w + 2. Give p(-3).
-22
Let a(n) = 5*n + 69. What is a(-13)?
4
Let i(y) = -y**2 + 23*y + 33. Calculate i(25).
-17
Let k(q) = -q**3 - 11*q**2 + 9*q + 189. Calculate k(-10).
-1
Let i(q) = -q**2 + q + 8. What is i(4)?
-4
Let l(r) = -62*r - 247. What is l(-4)?
1
Let r(u) = u**3 + u**2 + u - 7. Determine r(-3).
-28
Let i(p) = 3*p - 24. What is i(8)?
0
Let v(n) = -2*n**3 + 61*n**2 + 30*n + 36. Determine v(31).
5
Let u(x) = -x**3 + x**2 - x + 3. Calculate u(0).
3
Let g(f) = -f**3 + 22*f**2 + 4*f - 11. What is g(22)?
77
Let h(c) = c**2 + 12*c - 18. What is h(-13)?
-5
Let j(b) = -b**2 - 2*b - 13. Give j(-4).
-21
Let m(t) = -t**3 + 5*t**2 + 8*t + 3. Give m(6).
15
Let n(p) = -15*p - 15. Determine n(-4).
45
Let p(q) = q**3 + q**2 - 6. Calculate p(0).
-6
Let l(i) = -2*i**3 + 11*i**2 + 9*i - 14. What is l(4)?
70
Let o(q) = -q**2 - 14*q + 4. What is o(-14)?
4
Let o(p) = 6*p - 57. Calculate o(11).
9
Let c(q) = q**3 + q**2 + q. What is c(0)?
0
Let v(g) = 3*g. Calculate v(-2).
-6
Let r(f) = -8*f**3 + 3*f**2 + 3*f - 7. Give r(-2).
63
Let b(s) = 74*s**3 - 4*s**2 + 2*s. Determine b(1).
72
Let i(j) = -j**2 - 4*j - 1. Give i(-4).
-1
Let o(p) = p**3 + 4*p**2 - 2*p - 2. Give o(-3).
13
Let x(v) = -6*v**3 + 3*v**2 - 12*v + 23. Give x(2).
-37
Let s(q) = -q**3 - 5*q**2 + 8*q - 2. What is s(-8)?
126
Let z(a) = -3*a**2 - 2*a + 2. Determine z(-2).
-6
Let n(l) = l**3 + 7*l**2 + 2*l + 5. What is n(-6)?
29
Let h(z) = -3*z + 9. Give h(-8).
33
Let r(i) = -4*i**3 - 4*i**2 + 3*i + 2. Determine r(1).
-3
Let n(g) = -5*g**3 + 2*g**2 - 1. What is n(1)?
-4
Let r(b) = -3*b**3 - 5*b**2 - 7*b - 8. What is r(-3)?
49
Let q(l) = -14*l + 4. Give q(8).
-108
Let y(q) = q - 7. Calculate y(8).
1
Let g(k) = k**2 - 10*k + 15. Calculate g(9).
6
Let r(c) = -c**2 - 7*c - 23. What is r(-7)?
-23
Let q(f) = -f**2 + 11*f + 29. Determine q(13).
3
Let q(b) = b**3 + 13*b**2 + b - 28. Calculate q(-13).
-41
Let c(s) = 2*s**3 - 26*s**2 - 28*s - 1. What is c(14)?
-1
Let z(h) = -2*h + 15. Determine z(-5).
25
Let c(y) = y**3 + 6*y**2 - 8*y - 9. Calculate c(-7).
-2
Let k(d) = -d**3 - 5*d**2 + 16*d - 6. Calculate k(-8).
58
Let w(v) = -4*v**2 + 5*v - 2. Calculate w(2).
-8
Let d(p) = -7*p**3 - 2*p**2 - 2*p. Determine d(-2).
52
Let s(y) = -4*y - 32. Determine s(-15).
28
Let y(c) = c**2 + 25*c - 114. Calculate y(-29).
2
Let a(x) = -2*x - 9. Calculate a(-5).
1
Let q(w) = -7*w + 5. Calculate q(5).
-30
Let p(w) = -13*w**2 + 4*w - 2. Calculate p(2).
-46
Let j(l) = -l + 7. Determine j(-3).
10
Let l(w) = 2*w**2 + 19*w - 5. Calculate l(-10).
5
Let t(g) = g**2 + 7*g - 11. Calculate t(-9).
7
Let z(q) = 2*q**3 + 3*q**2 - 7*q + 1. Calculate z(3).
61
Let p(a) = -4*a. Determine p(-3).
12
Let u(r) = 69*r - 4. What is u(-1)?
-73
Let b(r) = -4*r**2 - 10*r - 11. Calculate b(-2).
-7
Let l(a) = 4*a**3 - a**2. What is l(-1)?
-5
Let f(y) = y**3 - 8*y**2 + 2*y - 10. Give f(7).
-45
Let v(t) = -5*t + 84. What is v(16)?
4
Let u(n) = 10*n + 111. Calculate u(-12).
-9
Let i(v) = -v**3 - 4*v**2 - v + 3. Determine i(-3).
-3
Let v(q) = q**2 + 10*q + 17. Give v(-7).
-4
Let f(b) = -b + 36. Determine f(9).
27
Let t(g) = -26*g**3 + g**2 - g + 1. What is t(1)?
-25
Let g(q) = q**3 - 19*q**2 - 17*q + 3. Calculate g(20).
63
Let h(g) = -5*g + 242. What is h(47)?
7
Let a(k) = k**3 + 7*k**2 - 10*k - 5. Determine a(-8).
11
Let d(h) = 92*h**3 + h. Calculate d(-1).
-93
Let i(d) = -d**3 + 8*d**2 - 3*d + 20. Determine i(8).
-4
Let t(a) = -2*a**3 + 14*a**2 - 14*a + 20. What is t(6)?
8
Let i(p) = -2*p**3 - 2*p**2 + 2*p - 1. Determine i(1).
-3
Let u(w) = 2*w + 4. Give u(7).
18
Let l(r) = r**2 - 2*r - 2. Give l(4).
6
Let n(f) = 2*f**3 + f*